{"id":5203,"date":"2025-03-13T10:08:33","date_gmt":"2025-03-13T09:08:33","guid":{"rendered":"https:\/\/larmoirerose.fr\/?post_type=product&#038;p=5203"},"modified":"2025-03-13T10:57:50","modified_gmt":"2025-03-13T09:57:50","slug":"pochette-costume-liberty","status":"publish","type":"product","link":"https:\/\/larmoirerose.fr\/index.php\/produit\/pochette-costume-liberty\/","title":{"rendered":"Pochette costume liberty"},"content":{"rendered":"<p>100% Coton, Liberty of London<br \/>\nelle mesure 31\/31 cm<\/p>\n<p>enti\u00e8rement doubler dans le meme liberty<br \/>\nA assortir ou non \u00e0 votre noeud papillon, cravate&#8230;<\/p>\n<p>n\u0153ud papillon vendu s\u00e9par\u00e9ment<\/p>\n<p>Pour gar\u00e7on d&rsquo;honneur, t\u00e9moins, mari\u00e9, papa &#8230;<\/p>\n","protected":false},"excerpt":{"rendered":"<p>100% Coton, Liberty of London elle mesure 31\/31 cm enti\u00e8rement doubler dans le meme liberty A assortir ou non \u00e0 votre noeud papillon, cravate&#8230; n\u0153ud papillon vendu s\u00e9par\u00e9ment Pour gar\u00e7on d&rsquo;honneur, t\u00e9moins, mari\u00e9, papa &#8230;<\/p>\n","protected":false},"featured_media":5224,"comment_status":"open","ping_status":"closed","template":"","meta":[],"product_brand":[],"product_cat":[151,149],"product_tag":[],"class_list":{"0":"post-5203","1":"product","2":"type-product","3":"status-publish","4":"has-post-thumbnail","6":"product_cat-accessoires","7":"product_cat-liberty","9":"first","10":"instock","11":"shipping-taxable","12":"purchasable","13":"product-type-variable"},"_links":{"self":[{"href":"https:\/\/larmoirerose.fr\/index.php\/wp-json\/wp\/v2\/product\/5203","targetHints":{"allow":["GET"]}}],"collection":[{"href":"https:\/\/larmoirerose.fr\/index.php\/wp-json\/wp\/v2\/product"}],"about":[{"href":"https:\/\/larmoirerose.fr\/index.php\/wp-json\/wp\/v2\/types\/product"}],"replies":[{"embeddable":true,"href":"https:\/\/larmoirerose.fr\/index.php\/wp-json\/wp\/v2\/comments?post=5203"}],"wp:featuredmedia":[{"embeddable":true,"href":"https:\/\/larmoirerose.fr\/index.php\/wp-json\/wp\/v2\/media\/5224"}],"wp:attachment":[{"href":"https:\/\/larmoirerose.fr\/index.php\/wp-json\/wp\/v2\/media?parent=5203"}],"wp:term":[{"taxonomy":"product_brand","embeddable":true,"href":"https:\/\/larmoirerose.fr\/index.php\/wp-json\/wp\/v2\/product_brand?post=5203"},{"taxonomy":"product_cat","embeddable":true,"href":"https:\/\/larmoirerose.fr\/index.php\/wp-json\/wp\/v2\/product_cat?post=5203"},{"taxonomy":"product_tag","embeddable":true,"href":"https:\/\/larmoirerose.fr\/index.php\/wp-json\/wp\/v2\/product_tag?post=5203"}],"curies":[{"name":"wp","href":"https:\/\/api.w.org\/{rel}","templated":true}]}}