{"id":5187,"date":"2025-03-13T09:40:54","date_gmt":"2025-03-13T08:40:54","guid":{"rendered":"https:\/\/larmoirerose.fr\/?post_type=product&#038;p=5187"},"modified":"2025-03-13T11:19:43","modified_gmt":"2025-03-13T10:19:43","slug":"masque-de-nuit","status":"publish","type":"product","link":"https:\/\/larmoirerose.fr\/index.php\/produit\/masque-de-nuit\/","title":{"rendered":"Masque de nuit"},"content":{"rendered":"<p>Pour de douce nuit ou juste pour la sieste.<\/p>\n<p>L&rsquo;int\u00e9rieur est en double gaze pour plus de douceur, puis molleton et ext\u00e9rieur en liberty<\/p>\n<p>convient a l&rsquo;enfant comme a l&rsquo;adulte gr\u00e2ce a son \u00e9lastique bien souple<\/p>\n","protected":false},"excerpt":{"rendered":"<p>Pour de douce nuit ou juste pour la sieste. L&rsquo;int\u00e9rieur est en double gaze pour plus de douceur, puis molleton et ext\u00e9rieur en liberty convient a l&rsquo;enfant comme a l&rsquo;adulte gr\u00e2ce a son \u00e9lastique bien souple<\/p>\n","protected":false},"featured_media":5242,"comment_status":"open","ping_status":"closed","template":"","meta":[],"product_brand":[],"product_cat":[151,149],"product_tag":[],"class_list":{"0":"post-5187","1":"product","2":"type-product","3":"status-publish","4":"has-post-thumbnail","6":"product_cat-accessoires","7":"product_cat-liberty","9":"first","10":"instock","11":"shipping-taxable","12":"purchasable","13":"product-type-variable"},"_links":{"self":[{"href":"https:\/\/larmoirerose.fr\/index.php\/wp-json\/wp\/v2\/product\/5187","targetHints":{"allow":["GET"]}}],"collection":[{"href":"https:\/\/larmoirerose.fr\/index.php\/wp-json\/wp\/v2\/product"}],"about":[{"href":"https:\/\/larmoirerose.fr\/index.php\/wp-json\/wp\/v2\/types\/product"}],"replies":[{"embeddable":true,"href":"https:\/\/larmoirerose.fr\/index.php\/wp-json\/wp\/v2\/comments?post=5187"}],"wp:featuredmedia":[{"embeddable":true,"href":"https:\/\/larmoirerose.fr\/index.php\/wp-json\/wp\/v2\/media\/5242"}],"wp:attachment":[{"href":"https:\/\/larmoirerose.fr\/index.php\/wp-json\/wp\/v2\/media?parent=5187"}],"wp:term":[{"taxonomy":"product_brand","embeddable":true,"href":"https:\/\/larmoirerose.fr\/index.php\/wp-json\/wp\/v2\/product_brand?post=5187"},{"taxonomy":"product_cat","embeddable":true,"href":"https:\/\/larmoirerose.fr\/index.php\/wp-json\/wp\/v2\/product_cat?post=5187"},{"taxonomy":"product_tag","embeddable":true,"href":"https:\/\/larmoirerose.fr\/index.php\/wp-json\/wp\/v2\/product_tag?post=5187"}],"curies":[{"name":"wp","href":"https:\/\/api.w.org\/{rel}","templated":true}]}}